{"id":1938,"date":"2024-02-01T19:52:19","date_gmt":"2024-02-01T18:52:19","guid":{"rendered":"https:\/\/mjc-chauny.fr\/?page_id=1938"},"modified":"2024-02-02T13:22:43","modified_gmt":"2024-02-02T12:22:43","slug":"rerservation-massage","status":"publish","type":"page","link":"https:\/\/mjc-chauny.fr\/index.php\/rerservation-massage\/","title":{"rendered":"RERSERVATION MASSAGE"},"content":{"rendered":"\t\t<div data-elementor-type=\"wp-page\" data-elementor-id=\"1938\" class=\"elementor elementor-1938\">\n\t\t\t\t\t\t<section class=\"elementor-section elementor-top-section elementor-element elementor-element-5d4382f8 elementor-section-full_width elementor-section-height-default elementor-section-height-default wpr-particle-no wpr-jarallax-no wpr-parallax-no wpr-sticky-section-no wpr-equal-height-no\" data-id=\"5d4382f8\" data-element_type=\"section\" data-e-type=\"section\" data-settings=\"{&quot;background_background&quot;:&quot;classic&quot;}\">\n\t\t\t\t\t\t<div class=\"elementor-container elementor-column-gap-default\">\n\t\t\t\t\t<div class=\"elementor-column elementor-col-100 elementor-top-column elementor-element elementor-element-68992619\" data-id=\"68992619\" data-element_type=\"column\" data-e-type=\"column\">\n\t\t\t<div class=\"elementor-widget-wrap elementor-element-populated\">\n\t\t\t\t\t\t<div class=\"elementor-element elementor-element-6395cd72 elementor-widget elementor-widget-heading\" data-id=\"6395cd72\" data-element_type=\"widget\" data-e-type=\"widget\" data-widget_type=\"heading.default\">\n\t\t\t\t<div class=\"elementor-widget-container\">\n\t\t\t\t\t<h2 class=\"elementor-heading-title elementor-size-large\">RESERVATION MASSAGE 24 FEVRIER 2024<\/h2>\t\t\t\t<\/div>\n\t\t\t\t<\/div>\n\t\t\t\t<section class=\"elementor-section elementor-inner-section elementor-element elementor-element-2ff3b72e elementor-section-boxed elementor-section-height-default elementor-section-height-default wpr-particle-no wpr-jarallax-no wpr-parallax-no wpr-sticky-section-no wpr-equal-height-no\" data-id=\"2ff3b72e\" data-element_type=\"section\" data-e-type=\"section\">\n\t\t\t\t\t\t<div class=\"elementor-container elementor-column-gap-default\">\n\t\t\t\t\t<div class=\"elementor-column elementor-col-100 elementor-inner-column elementor-element elementor-element-128e503\" data-id=\"128e503\" data-element_type=\"column\" data-e-type=\"column\">\n\t\t\t<div class=\"elementor-widget-wrap elementor-element-populated\">\n\t\t\t\t\t\t<div class=\"elementor-element elementor-element-a539973 elementor-widget__width-initial elementor-widget-mobile__width-initial elementor-widget elementor-widget-text-editor\" data-id=\"a539973\" data-element_type=\"widget\" data-e-type=\"widget\" data-widget_type=\"text-editor.default\">\n\t\t\t\t<div class=\"elementor-widget-container\">\n\t\t\t\t\t\t\t\t\t<p><strong>Au choix :<\/strong><br \/><strong>R\u00e9flexologie plantaire <\/strong><br \/><strong>Massage main <\/strong><br \/><strong>Massage dos<\/strong><br \/><strong>Massage T\u00eate <\/strong><br \/><strong>Avec Nathalie<\/strong><\/p><p>30 Minutes 30 \u20ac <br \/>Vous devez d\u00e9poser votre r\u00e8glement \u00e0 la MJC avant 23 F\u00e9vrier 2024 pour valider d\u00e9finitivement votre r\u00e9servation<\/p>\t\t\t\t\t\t\t\t<\/div>\n\t\t\t\t<\/div>\n\t\t\t\t<div class=\"elementor-element elementor-element-30ac419 elementor-widget__width-initial elementor-widget elementor-widget-image\" data-id=\"30ac419\" data-element_type=\"widget\" data-e-type=\"widget\" data-widget_type=\"image.default\">\n\t\t\t\t<div class=\"elementor-widget-container\">\n\t\t\t\t\t\t\t\t\t\t\t\t\t\t\t<img decoding=\"async\" src=\"https:\/\/mjc-chauny.fr\/wp-content\/uploads\/elementor\/thumbs\/Massage-au-choix-r9rtdqxddhovjahk5y7bif6yvrmfrm260d01fs5xk0.webp\" title=\"Massage au choix\" alt=\"Massage au choix\" loading=\"lazy\" \/>\t\t\t\t\t\t\t\t\t\t\t\t\t\t\t<\/div>\n\t\t\t\t<\/div>\n\t\t\t\t\t<\/div>\n\t\t<\/div>\n\t\t\t\t\t<\/div>\n\t\t<\/section>\n\t\t\t\t<div class=\"elementor-element elementor-element-5f06a20 elementor-tablet-align-center elementor-mobile-align-center elementor-hidden-desktop elementor-widget elementor-widget-button\" data-id=\"5f06a20\" data-element_type=\"widget\" data-e-type=\"widget\" data-widget_type=\"button.default\">\n\t\t\t\t<div class=\"elementor-widget-container\">\n\t\t\t\t\t\t\t\t\t<div class=\"elementor-button-wrapper\">\n\t\t\t\t\t<a class=\"elementor-button elementor-button-link elementor-size-sm\" href=\"https:\/\/outlook.office365.com\/owa\/calendar\/MJCDECHAUNY@mjc-chauny.fr\/bookings\/\" target=\"_blank\">\n\t\t\t\t\t\t<span class=\"elementor-button-content-wrapper\">\n\t\t\t\t\t\t<span class=\"elementor-button-icon\">\n\t\t\t\t<svg aria-hidden=\"true\" class=\"e-font-icon-svg e-fas-book-reader\" viewBox=\"0 0 512 512\" xmlns=\"http:\/\/www.w3.org\/2000\/svg\"><path d=\"M352 96c0-53.02-42.98-96-96-96s-96 42.98-96 96 42.98 96 96 96 96-42.98 96-96zM233.59 241.1c-59.33-36.32-155.43-46.3-203.79-49.05C13.55 191.13 0 203.51 0 219.14v222.8c0 14.33 11.59 26.28 26.49 27.05 43.66 2.29 131.99 10.68 193.04 41.43 9.37 4.72 20.48-1.71 20.48-11.87V252.56c-.01-4.67-2.32-8.95-6.42-11.46zm248.61-49.05c-48.35 2.74-144.46 12.73-203.78 49.05-4.1 2.51-6.41 6.96-6.41 11.63v245.79c0 10.19 11.14 16.63 20.54 11.9 61.04-30.72 149.32-39.11 192.97-41.4 14.9-.78 26.49-12.73 26.49-27.06V219.14c-.01-15.63-13.56-28.01-29.81-27.09z\"><\/path><\/svg>\t\t\t<\/span>\n\t\t\t\t\t\t\t\t\t<span class=\"elementor-button-text\">R\u00e9servation Cliquez ici<\/span>\n\t\t\t\t\t<\/span>\n\t\t\t\t\t<\/a>\n\t\t\t\t<\/div>\n\t\t\t\t\t\t\t\t<\/div>\n\t\t\t\t<\/div>\n\t\t\t\t<div class=\"elementor-element elementor-element-7857b01c elementor-widget__width-initial elementor-widget-laptop__width-inherit elementor-widget-tablet__width-inherit elementor-widget-mobile__width-initial elementor-hidden-mobile elementor-widget elementor-widget-shortcode\" data-id=\"7857b01c\" data-element_type=\"widget\" data-e-type=\"widget\" data-widget_type=\"shortcode.default\">\n\t\t\t\t<div class=\"elementor-widget-container\">\n\t\t\t\t\t\t\t<div class=\"elementor-shortcode\"><iframe src='https:\/\/outlook.office365.com\/owa\/calendar\/MJCDECHAUNY@mjc-chauny.fr\/bookings\/' width='100%' height='1690' scrolling='yes style='border:0'><\/div>\n\t\t\t\t\t\t<\/div>\n\t\t\t\t<\/div>\n\t\t\t\t\t<\/div>\n\t\t<\/div>\n\t\t\t\t\t<\/div>\n\t\t<\/section>\n\t\t\t\t<\/div>\n\t\t","protected":false},"excerpt":{"rendered":"<p>RESERVATION MASSAGE 24 FEVRIER 2024 Au choix :R\u00e9flexologie plantaire Massage main Massage dosMassage T\u00eate Avec Nathalie 30 Minutes 30 \u20ac Vous devez d\u00e9poser votre r\u00e8glement \u00e0 la MJC avant 23 F\u00e9vrier 2024 pour valider d\u00e9finitivement votre r\u00e9servation R\u00e9servation Cliquez ici<\/p>\n","protected":false},"author":1,"featured_media":1932,"parent":0,"menu_order":0,"comment_status":"closed","ping_status":"closed","template":"","meta":{"footnotes":""},"class_list":["post-1938","page","type-page","status-publish","has-post-thumbnail","hentry"],"yoast_head":"<!-- This site is optimized with the Yoast SEO plugin v27.3 - https:\/\/yoast.com\/product\/yoast-seo-wordpress\/ -->\n<title>RERSERVATION MASSAGE - MJC DE CHAUNY<\/title>\n<meta name=\"robots\" content=\"index, follow, max-snippet:-1, max-image-preview:large, max-video-preview:-1\" \/>\n<link rel=\"canonical\" href=\"https:\/\/mjc-chauny.fr\/index.php\/rerservation-massage\/\" \/>\n<meta property=\"og:locale\" content=\"fr_FR\" \/>\n<meta property=\"og:type\" content=\"article\" \/>\n<meta property=\"og:title\" content=\"RERSERVATION MASSAGE - MJC DE CHAUNY\" \/>\n<meta property=\"og:description\" content=\"RESERVATION MASSAGE 24 FEVRIER 2024 Au choix :R\u00e9flexologie plantaire Massage main Massage dosMassage T\u00eate Avec Nathalie 30 Minutes 30 \u20ac Vous devez d\u00e9poser votre r\u00e8glement \u00e0 la MJC avant 23 F\u00e9vrier 2024 pour valider d\u00e9finitivement votre r\u00e9servation R\u00e9servation Cliquez ici\" \/>\n<meta property=\"og:url\" content=\"https:\/\/mjc-chauny.fr\/index.php\/rerservation-massage\/\" \/>\n<meta property=\"og:site_name\" content=\"MJC DE CHAUNY\" \/>\n<meta property=\"article:publisher\" content=\"https:\/\/www.facebook.com\/mjc.chauny.7\" \/>\n<meta property=\"article:modified_time\" content=\"2024-02-02T12:22:43+00:00\" \/>\n<meta property=\"og:image\" content=\"https:\/\/mjc-chauny.fr\/wp-content\/uploads\/2024\/02\/Massage-au-choix.png\" \/>\n\t<meta property=\"og:image:width\" content=\"1414\" \/>\n\t<meta property=\"og:image:height\" content=\"2000\" \/>\n\t<meta property=\"og:image:type\" content=\"image\/png\" \/>\n<meta name=\"twitter:card\" content=\"summary_large_image\" \/>\n<meta name=\"twitter:label1\" content=\"Dur\u00e9e de lecture estim\u00e9e\" \/>\n\t<meta name=\"twitter:data1\" content=\"1 minute\" \/>\n<script type=\"application\/ld+json\" class=\"yoast-schema-graph\">{\"@context\":\"https:\\\/\\\/schema.org\",\"@graph\":[{\"@type\":\"WebPage\",\"@id\":\"https:\\\/\\\/mjc-chauny.fr\\\/index.php\\\/rerservation-massage\\\/\",\"url\":\"https:\\\/\\\/mjc-chauny.fr\\\/index.php\\\/rerservation-massage\\\/\",\"name\":\"RERSERVATION MASSAGE - MJC DE CHAUNY\",\"isPartOf\":{\"@id\":\"https:\\\/\\\/mjc-chauny.fr\\\/#website\"},\"primaryImageOfPage\":{\"@id\":\"https:\\\/\\\/mjc-chauny.fr\\\/index.php\\\/rerservation-massage\\\/#primaryimage\"},\"image\":{\"@id\":\"https:\\\/\\\/mjc-chauny.fr\\\/index.php\\\/rerservation-massage\\\/#primaryimage\"},\"thumbnailUrl\":\"https:\\\/\\\/mjc-chauny.fr\\\/wp-content\\\/uploads\\\/2024\\\/02\\\/Massage-au-choix.webp\",\"datePublished\":\"2024-02-01T18:52:19+00:00\",\"dateModified\":\"2024-02-02T12:22:43+00:00\",\"breadcrumb\":{\"@id\":\"https:\\\/\\\/mjc-chauny.fr\\\/index.php\\\/rerservation-massage\\\/#breadcrumb\"},\"inLanguage\":\"fr-FR\",\"potentialAction\":[{\"@type\":\"ReadAction\",\"target\":[\"https:\\\/\\\/mjc-chauny.fr\\\/index.php\\\/rerservation-massage\\\/\"]}]},{\"@type\":\"ImageObject\",\"inLanguage\":\"fr-FR\",\"@id\":\"https:\\\/\\\/mjc-chauny.fr\\\/index.php\\\/rerservation-massage\\\/#primaryimage\",\"url\":\"https:\\\/\\\/mjc-chauny.fr\\\/wp-content\\\/uploads\\\/2024\\\/02\\\/Massage-au-choix.webp\",\"contentUrl\":\"https:\\\/\\\/mjc-chauny.fr\\\/wp-content\\\/uploads\\\/2024\\\/02\\\/Massage-au-choix.webp\",\"width\":1357,\"height\":1920},{\"@type\":\"BreadcrumbList\",\"@id\":\"https:\\\/\\\/mjc-chauny.fr\\\/index.php\\\/rerservation-massage\\\/#breadcrumb\",\"itemListElement\":[{\"@type\":\"ListItem\",\"position\":1,\"name\":\"Accueil\",\"item\":\"https:\\\/\\\/mjc-chauny.fr\\\/\"},{\"@type\":\"ListItem\",\"position\":2,\"name\":\"RERSERVATION MASSAGE\"}]},{\"@type\":\"WebSite\",\"@id\":\"https:\\\/\\\/mjc-chauny.fr\\\/#website\",\"url\":\"https:\\\/\\\/mjc-chauny.fr\\\/\",\"name\":\"MJC DE CHAUNY\",\"description\":\"Maison des jeunes et de la culture de CHAUNY\",\"publisher\":{\"@id\":\"https:\\\/\\\/mjc-chauny.fr\\\/#organization\"},\"potentialAction\":[{\"@type\":\"SearchAction\",\"target\":{\"@type\":\"EntryPoint\",\"urlTemplate\":\"https:\\\/\\\/mjc-chauny.fr\\\/?s={search_term_string}\"},\"query-input\":{\"@type\":\"PropertyValueSpecification\",\"valueRequired\":true,\"valueName\":\"search_term_string\"}}],\"inLanguage\":\"fr-FR\"},{\"@type\":\"Organization\",\"@id\":\"https:\\\/\\\/mjc-chauny.fr\\\/#organization\",\"name\":\"MJC DE CHAUNY\",\"alternateName\":\"Maison des Jeunes et de la Culture de Chauny\",\"url\":\"https:\\\/\\\/mjc-chauny.fr\\\/\",\"logo\":{\"@type\":\"ImageObject\",\"inLanguage\":\"fr-FR\",\"@id\":\"https:\\\/\\\/mjc-chauny.fr\\\/#\\\/schema\\\/logo\\\/image\\\/\",\"url\":\"https:\\\/\\\/mjc-chauny.fr\\\/wp-content\\\/uploads\\\/2025\\\/08\\\/cropped-logo-MJC-1.png\",\"contentUrl\":\"https:\\\/\\\/mjc-chauny.fr\\\/wp-content\\\/uploads\\\/2025\\\/08\\\/cropped-logo-MJC-1.png\",\"width\":512,\"height\":512,\"caption\":\"MJC DE CHAUNY\"},\"image\":{\"@id\":\"https:\\\/\\\/mjc-chauny.fr\\\/#\\\/schema\\\/logo\\\/image\\\/\"},\"sameAs\":[\"https:\\\/\\\/www.facebook.com\\\/mjc.chauny.7\",\"https:\\\/\\\/www.instagram.com\\\/mjcchauny\\\/\"]}]}<\/script>\n<!-- \/ Yoast SEO plugin. -->","yoast_head_json":{"title":"RERSERVATION MASSAGE - MJC DE CHAUNY","robots":{"index":"index","follow":"follow","max-snippet":"max-snippet:-1","max-image-preview":"max-image-preview:large","max-video-preview":"max-video-preview:-1"},"canonical":"https:\/\/mjc-chauny.fr\/index.php\/rerservation-massage\/","og_locale":"fr_FR","og_type":"article","og_title":"RERSERVATION MASSAGE - MJC DE CHAUNY","og_description":"RESERVATION MASSAGE 24 FEVRIER 2024 Au choix :R\u00e9flexologie plantaire Massage main Massage dosMassage T\u00eate Avec Nathalie 30 Minutes 30 \u20ac Vous devez d\u00e9poser votre r\u00e8glement \u00e0 la MJC avant 23 F\u00e9vrier 2024 pour valider d\u00e9finitivement votre r\u00e9servation R\u00e9servation Cliquez ici","og_url":"https:\/\/mjc-chauny.fr\/index.php\/rerservation-massage\/","og_site_name":"MJC DE CHAUNY","article_publisher":"https:\/\/www.facebook.com\/mjc.chauny.7","article_modified_time":"2024-02-02T12:22:43+00:00","og_image":[{"width":1414,"height":2000,"url":"https:\/\/mjc-chauny.fr\/wp-content\/uploads\/2024\/02\/Massage-au-choix.png","type":"image\/png"}],"twitter_card":"summary_large_image","twitter_misc":{"Dur\u00e9e de lecture estim\u00e9e":"1 minute"},"schema":{"@context":"https:\/\/schema.org","@graph":[{"@type":"WebPage","@id":"https:\/\/mjc-chauny.fr\/index.php\/rerservation-massage\/","url":"https:\/\/mjc-chauny.fr\/index.php\/rerservation-massage\/","name":"RERSERVATION MASSAGE - MJC DE CHAUNY","isPartOf":{"@id":"https:\/\/mjc-chauny.fr\/#website"},"primaryImageOfPage":{"@id":"https:\/\/mjc-chauny.fr\/index.php\/rerservation-massage\/#primaryimage"},"image":{"@id":"https:\/\/mjc-chauny.fr\/index.php\/rerservation-massage\/#primaryimage"},"thumbnailUrl":"https:\/\/mjc-chauny.fr\/wp-content\/uploads\/2024\/02\/Massage-au-choix.webp","datePublished":"2024-02-01T18:52:19+00:00","dateModified":"2024-02-02T12:22:43+00:00","breadcrumb":{"@id":"https:\/\/mjc-chauny.fr\/index.php\/rerservation-massage\/#breadcrumb"},"inLanguage":"fr-FR","potentialAction":[{"@type":"ReadAction","target":["https:\/\/mjc-chauny.fr\/index.php\/rerservation-massage\/"]}]},{"@type":"ImageObject","inLanguage":"fr-FR","@id":"https:\/\/mjc-chauny.fr\/index.php\/rerservation-massage\/#primaryimage","url":"https:\/\/mjc-chauny.fr\/wp-content\/uploads\/2024\/02\/Massage-au-choix.webp","contentUrl":"https:\/\/mjc-chauny.fr\/wp-content\/uploads\/2024\/02\/Massage-au-choix.webp","width":1357,"height":1920},{"@type":"BreadcrumbList","@id":"https:\/\/mjc-chauny.fr\/index.php\/rerservation-massage\/#breadcrumb","itemListElement":[{"@type":"ListItem","position":1,"name":"Accueil","item":"https:\/\/mjc-chauny.fr\/"},{"@type":"ListItem","position":2,"name":"RERSERVATION MASSAGE"}]},{"@type":"WebSite","@id":"https:\/\/mjc-chauny.fr\/#website","url":"https:\/\/mjc-chauny.fr\/","name":"MJC DE CHAUNY","description":"Maison des jeunes et de la culture de CHAUNY","publisher":{"@id":"https:\/\/mjc-chauny.fr\/#organization"},"potentialAction":[{"@type":"SearchAction","target":{"@type":"EntryPoint","urlTemplate":"https:\/\/mjc-chauny.fr\/?s={search_term_string}"},"query-input":{"@type":"PropertyValueSpecification","valueRequired":true,"valueName":"search_term_string"}}],"inLanguage":"fr-FR"},{"@type":"Organization","@id":"https:\/\/mjc-chauny.fr\/#organization","name":"MJC DE CHAUNY","alternateName":"Maison des Jeunes et de la Culture de Chauny","url":"https:\/\/mjc-chauny.fr\/","logo":{"@type":"ImageObject","inLanguage":"fr-FR","@id":"https:\/\/mjc-chauny.fr\/#\/schema\/logo\/image\/","url":"https:\/\/mjc-chauny.fr\/wp-content\/uploads\/2025\/08\/cropped-logo-MJC-1.png","contentUrl":"https:\/\/mjc-chauny.fr\/wp-content\/uploads\/2025\/08\/cropped-logo-MJC-1.png","width":512,"height":512,"caption":"MJC DE CHAUNY"},"image":{"@id":"https:\/\/mjc-chauny.fr\/#\/schema\/logo\/image\/"},"sameAs":["https:\/\/www.facebook.com\/mjc.chauny.7","https:\/\/www.instagram.com\/mjcchauny\/"]}]}},"_links":{"self":[{"href":"https:\/\/mjc-chauny.fr\/index.php\/wp-json\/wp\/v2\/pages\/1938","targetHints":{"allow":["GET"]}}],"collection":[{"href":"https:\/\/mjc-chauny.fr\/index.php\/wp-json\/wp\/v2\/pages"}],"about":[{"href":"https:\/\/mjc-chauny.fr\/index.php\/wp-json\/wp\/v2\/types\/page"}],"author":[{"embeddable":true,"href":"https:\/\/mjc-chauny.fr\/index.php\/wp-json\/wp\/v2\/users\/1"}],"replies":[{"embeddable":true,"href":"https:\/\/mjc-chauny.fr\/index.php\/wp-json\/wp\/v2\/comments?post=1938"}],"version-history":[{"count":16,"href":"https:\/\/mjc-chauny.fr\/index.php\/wp-json\/wp\/v2\/pages\/1938\/revisions"}],"predecessor-version":[{"id":1958,"href":"https:\/\/mjc-chauny.fr\/index.php\/wp-json\/wp\/v2\/pages\/1938\/revisions\/1958"}],"wp:featuredmedia":[{"embeddable":true,"href":"https:\/\/mjc-chauny.fr\/index.php\/wp-json\/wp\/v2\/media\/1932"}],"wp:attachment":[{"href":"https:\/\/mjc-chauny.fr\/index.php\/wp-json\/wp\/v2\/media?parent=1938"}],"curies":[{"name":"wp","href":"https:\/\/api.w.org\/{rel}","templated":true}]}}